a
In base 7, what is -350 + -41?
-421
In base 10, what is 877 + -5?
872
In base 10, what is 309 - -9?
318
In base 13, what is 4852 + -2?
4850
In base 10, what is -2 - 3272?
-3274
In base 10, what is 3 - -17?
20
In base 6, what is -21 - 543?
-1004
In base 7, what is -12042 - 4?
-12046
In base 11, what is -158 - 3a?
-197
In base 2, what is 100111 + 1000110101?
1001011100
In base 8, what is 26 - -35?
63
In base 10, what is -1076 + 2?
-1074
In base 13, what is 7 - 58?
-51
In base 9, what is -3 + 5552?
5548
In base 5, what is 114323 - 2?
114321
In base 3, what is 112 + 1121?
2010
In base 3, what is -200 + 1021020?
1020120
In base 15, what is b - 42?
-36
In base 4, what is -2102 - -2?
-2100
In base 7, what is 56 - -22?
111
In base 5, what is -3 + 1313?
1310
In base 4, what is 1 - -113132?
113133
In base 5, what is -3 - -4244?
4241
In base 6, what is 12 + 30?
42
In base 14, what is 5 + -1c?
-17
In base 16, what is a - 3c0?
-3b6
In base 2, what is 0 + -11010000?
-11010000
In base 13, what is -79 - -3?
-76
In base 9, what is 3608 + -5?
3603
In base 8, what is 104 + 3?
107
In base 9, what is -73 - -3?
-70
In base 14, what is -a1 + -9?
-aa
In base 15, what is 1 + -6c?
-6b
In base 5, what is 13 - 241?
-223
In base 12, what is -4a + -b2?
-140
In base 8, what is -10 + -32?
-42
In base 6, what is 43 + 2?
45
In base 12, what is -219 + -b?
-228
In base 6, what is 2201 + -2?
2155
In base 4, what is -2 + 1230?
1222
In base 10, what is 140 - 9?
131
In base 5, what is 101 - 1412?
-1311
In base 9, what is -26 - -4?
-22
In base 9, what is -5 - 125?
-131
In base 4, what is -1203303 - -11?
-1203232
In base 5, what is -440 - 1?
-441
In base 8, what is -663 + -2?
-665
In base 3, what is 2111 + 110121?
120002
In base 10, what is 5 - 1123?
-1118
In base 11, what is 58 + -1?
57
In base 4, what is 3311 + -11?
3300
In base 7, what is -5 + 53?
45
In base 16, what is -51 + 0?
-51
In base 15, what is -77 + -1c?
-94
In base 11, what is 0 + 43?
43
In base 10, what is 0 - -93?
93
In base 12, what is b - -77a?
789
In base 5, what is -11402 + 0?
-11402
In base 2, what is -1010110 - -10?
-1010100
In base 9, what is -4 - -1166?
1162
In base 5, what is 42 - -202?
244
In base 8, what is 15 - -177?
214
In base 4, what is -110 - 1?
-111
In base 10, what is -4 - -14?
10
In base 6, what is -1340 + 22?
-1314
In base 7, what is 3 + -405?
-402
In base 13, what is 107 - -1?
108
In base 14, what is -1 + 198?
197
In base 3, what is 11 + 200?
211
In base 11, what is -7 + -37?
-43
In base 16, what is bfcb - -1?
bfcc
In base 9, what is -764 - 1?
-765
In base 11, what is 28 - 98?
-70
In base 14, what is 1313 + 1?
1314
In base 7, what is -3 - 10?
-13
In base 5, what is 1244 - 0?
1244
In base 2, what is -1100000 - 11?
-1100011
In base 13, what is -2c2 - -4?
-2bb
In base 4, what is 12 + -3?
3
In base 7, what is 5551 - -2?
5553
In base 3, what is -22 - 120?
-212
In base 6, what is -5 - 45?
-54
In base 12, what is ab - 8?
a3
In base 11, what is 12 - 949?
-937
In base 15, what is 21 - 28?
-7
In base 5, what is -4 - 200?
-204
In base 13, what is 41c7 + 2?
41c9
In base 7, what is 563 - -2?
565
In base 15, what is -2 + 39?
37
In base 9, what is -14 - -21?
6
In base 7, what is -36 + -115?
-154
In base 11, what is 35 + 234?
269
In base 8, what is 33 - -7?
42
In base 3, what is 10220011 - 11?
10220000
In base 13, what is -7 + -13?
-1a
In base 7, what is 153 + -14?
136
In base 3, what is -2102001 + -10?
-2102011
In base 16, what is -3 + e3?
e0
In base 2, what is 1 - -111100011?
111100100
In base 7, what is 6 - 113?
-104
In base 10, what is -52 + -5?
-57
In base 4, what is -10 + 100002?
33332
In base 7, what is -5 - -433?
425
In base 7, what is -1 - 16321?
-16322
In base 7, what is -2 - -53?
51
In base 4, what is -2011 - 10?
-2021
In base 5, what is -24 + -132?
-211
In base 4, what is 100 - -230?
330
In base 9, what is -33 + -1?
-34
In base 5, what is -44 - -1422?
1323
In base 12, what is 0 - 28?
-28
In base 12, what is -2 - 11?
-13
In base 9, what is 5 + 1276?
1282
In base 6, what is 41 - -22?
103
In base 15, what is 121b + 2?
121d
In base 13, what is -31 - -1?
-30
In base 6, what is 255034 + 5?
255043
In base 11, what is -1 + 29?
28
In base 5, what is 202 + 3144?
3401
In base 3, what is 1102 + -211?
121
In base 16, what is -60 - -7?
-59
In base 15, what is -35 - 22?
-57
In base 3, what is 110002 + 210?
110212
In base 6, what is -2 + 30?
24
In base 7, what is -3340 + 13?
-3324
In base 5, what is 33 + -302?
-214
In base 4, what is -2 + -1200?
-1202
In base 14, what is -9 + 48?
3d
In base 10, what is -5 - 50?
-55
In base 12, what is -1 - 65?
-66
In base 6, what is 4 - 220?
-212
In base 7, what is -35301 + 0?
-35301
In base 11, what is 0 - 68?
-68
In base 14, what is 4 - 697?
-693
In base 6, what is -30310 + 2?
-30304
In base 14, what is -3 - -128?
125
In base 7, what is -10 - 336?
-346
In base 11, what is 4 + 140?
144
In base 10, what is 25 - 8?
17
In base 2, what is 100110 + -1011101?
-110111
In base 8, what is -2 + -2157?
-2161
In base 11, what is 14 + 0?
14
In base 16, what is -2 - 2db?
-2dd
In base 12, what is 5 + -1a8?
-1a3
In base 6, what is -245 - -5?
-240
In base 7, what is 12 - -1?
13
In base 10, what is -9 + 2590?
2581
In base 14, what is 5 - 92?
-8b
In base 8, what is 5 - -45?
52
In base 16, what is -17d - 0?
-17d
In base 16, what is 51 - -7?
58
In base 5, what is 1304 - -3?
1312
In base 8, what is -11 - -3154?
3143
In base 10, what is -2825 + -4?
-2829
In base 8, what is -5 - -667?
662
In base 3, what is -20 - 22011?
-22101
In base 6, what is 1550 + -125?
1421
In base 9, what is -125 + 2?
-123
In base 13, what is 3 + -51b?
-518
In base 3, what is -101 + 200000?
122122
In base 13, what is -4 + -19a?
-1a1
In base 14, what is -477 + 5?
-472
In base 4, what is -110 + -11?
-121
In base 10, what is 117 - -52?
169
In base 12, what is -4 + 19a?
196
In base 15, what is -7 + 40?
38
In base 6, what is -1355 + -1?
-1400
In base 5, what is 2 + -142?
-140
In base 14, what is -d + 25?
16
In base 16, what is 5 + -5f2?
-5ed
In base 15, what is 14 + 1e?
33
In base 3, what is 2 + 12200?
12202
In base 15, what is -14e - 3?
-152
In base 7, what is 12 - -5?
20
In base 13, what is 41 - -1?
42
In base 4, what is -1 + 222?
221
In base 12, what is -1 + 968?
967
In base 3, what is 2222011 - -1?
2222012
In base 15, what is -a - 29d?
-2a8
In base 5, what is 4430 + 10?
4440
In base 8, what is 1056 - 12?
1044
In base 3, what is 21011201 + 2?
21011210
In base 10, what is -1 - -490?
489
In base 3, what is 10211101 + 12?
10211120
In base 12, what is 2 + -1522?
-1520
In base 4, what is -2200 + 11?
-2123
In base 7, what is 21 + -10?
11
In base 4, what is -3 - -210?
201
In base 11, what is 30 + 5?
35
In base 2, what is -101111 + -100?
-110011
In base 7, what is -1063 + -2?
-1065
In base 3, what is -12100 - -1?
-12022
In base 13, what is -12 + -b3?
-c5
In base 3, what is 12222 - 12?
12210
In base 8, what is 1 - -33?
34
In base 6, what is 0 + -214?
-214
In base 12, what is 2 - -3536?
3538
In base 2, what is -1010000011 + -101?
-1010001000
In base 9, what is -7 - 6?
-14
In base 7, what is -113 - -4?
-106
In base 13, what is -3 - -35?
32
In base 14, what is 5 + 112?
117
In base 2, what is -110001010001000 - -100?
-110001010000100
In base 14, what is -c6 - -5?
-c1
In base 12, what is 2 - 2a6?
-2a4
In base 6, what is 51 - 1?
50
In base 15, what is e66 - 0?
e66
In base 9, what is -6 - -3?
-3
In base 10, what is -65 + 30?
-35
In base 14, what is 4 - -65?
69
In base 11, what is 3 - -149?
151
In base 10, what is 11 - 87?
-76
In base 8, what is -2 - 440?
-442
In base 8, what is 107 - 411?
-302
In base 15, what is -69 + -4?
-6d
In base 9, what is 7 + -7?
0
In base 4, what is 3003 - -21?
3030
In base 13, what is 8 + 7c1?
7c9
In base 4, what is -3201221 + 2?
-3201213
In base 6, what is 1213 + -14?
1155
In base 7, what is 161 + 2?
163
In base 11, what is -3 + -1409?
-1411
In base 8, what is 2 + 102?
104
In base 7, what is 4 + -1251?
-1244
In base 2, what is -11011 - -10?
-11001
In base 12, what is -1793 + 3?
-1790
In base 14, what is -1 - -95b?
95a
In base 15, what is -4 + 6e?
6a
In base 4, what is -11 - 1?
-12
In base 10, what is -388 + -5?
-393
In base 6, what is -11 + 4?
-3
In base 10, what is -209 + 2?
-207
In base 10, what is 62 + -82?
-20
In b